mon divisor of g and z?
17
Let o be 14*(-5 + 2 - -2). Let r(f) = -5*f - 31. Let t be r(o). Calculate the greatest common factor of 26 and t.
13
Suppose -6*i = -574 + 184. What is the highest common factor of i and 247?
13
Let x = 55 - 37. Suppose y = 3*p - 7, 0 = 3*y - p + 1 - 4. Calculate the greatest common divisor of x and y.
2
Suppose h = b, -5*b - 2*h + 21 = -0*h. Let w be ((-186)/3)/(-2) - b. Suppose 6*f - 20 = 2*f, -y - 5*f = -w. What is the highest common divisor of 3 and y?
3
Let t be -2*((-2 - -4) + 5 + -44). Let a = -14 + t. What is the highest common divisor of 20 and a?
20
Suppose 5*b + 52 = 132. Suppose 2*t + 32 = 4*t. Calculate the highest common divisor of b and t.
16
Suppose 254 = 3*z - 46. Suppose -4*r = -2*o + 4*o - z, 3*r - 2*o = 68. Let d = r - -46. What is the highest common divisor of d and 10?
10
Suppose 0 = 106*j - 100*j - 78. Calculate the greatest common factor of j and 416.
13
Let i = -6 - -18. Let m be (348/9)/((-24)/(-9) + -2). Suppose -70 + m = -3*u. What is the greatest common factor of i and u?
4
Let x(q) = -q**2 + 9*q + 24. Let c be x(11). Suppose -c*j + 180 = 7*j. What is the highest common factor of j and 20?
20
Let n = 769 - 743. What is the highest common factor of 3250 and n?
26
Let i be -2 - 13/((-26)/900) - 0. What is the highest common divisor of 14 and i?
14
Suppose -5*p - 10 = -f - 3*p, 4*f = -3*p + 18. What is the greatest common divisor of 6 and f?
6
Suppose 8*r - 1169 = 391. Calculate the highest common factor of r and 910.
65
Let j(p) be the first derivative of -p**2/2 + 14*p - 2. Let b be j(-14). Calculate the highest common divisor of b and 14.
14
Let t be ((-3)/1)/(-3) + 82. Suppose 97 + t = 5*p. Calculate the highest common factor of p and 12.
12
Let f(r) = 2*r - 3. Let s be f(-3). Let w be (28/(-16))/(-7) - 17/4. Let a be 24 + w/((-12)/s). Calculate the greatest common factor of 7 and a.
7
Suppose 3*c + c + 5*j + 95 = 0, 3*j = -3*c - 69. Suppose 0 = 2*n + 5 - 1. Let b be (n + c/(-8))*32. Calculate the greatest common factor of b and 16.
16
Suppose 3*d = 2*b - 21, 4*b = -b + 4*d + 35. Suppose n - b*n - 6 = 0. Let h be (-2)/1 + n + 41. Calculate the greatest common factor of h and 4.
4
Let m(x) = 134*x - 106. Let l be m(20). What is the highest common factor of 52 and l?
26
Let r = -5850 + 8383. What is the greatest common divisor of 17 and r?
17
Suppose -4*q + 28 = -44. Suppose -4*r + 716 = 5*c, -12*c = -9*c - 3*r - 435. What is the highest common factor of c and q?
18
Suppose d - 4 - 2 = 0. Suppose 0 = 4*o - d*o. Suppose 3*j + 20 - 6 = f, o = f - 5*j - 16. Calculate the greatest common divisor of f and 22.
11
Let r(k) be the second derivative of k**3/3 + 13*k**2 - 36*k. Let u be r(-8). What is the greatest common divisor of u and 40?
10
Let v be (-3 - 20/(-4)) + (2 - 0). Suppose -v*b = -2*x + 3*x - 77, -5*x + 2*b = -473. Suppose -4*y + 14 = -110. What is the greatest common divisor of y and x?
31
Let w be (0/3 - -1)/((-7)/(-14238)). Let m be w/60 + (-3)/(-30). What is the greatest common divisor of 17 and m?
17
Let c = -10 + 15. Suppose 4*b - 2*x = c + 121, -b = -x - 30. Let m = b + 3. Calculate the highest common divisor of 12 and m.
12
Let j = 79 - 69. Let f(k) = k + 1. Let h be f(9). Calculate the greatest common divisor of j and h.
10
Suppose -6*m + 11*m + 255 = 0. Let c be 2/(-6) - 68/m. What is the greatest common divisor of c and 1?
1
Let f be 12636/(-273)*14/(-4). What is the greatest common factor of 9 and f?
9
Suppose -g - 2*n + 5 - 1 = 0, 5*n - 4 = -g. Let t(s) = 10*s**3 - 2*s**2 + 1. Let o be t(-1). Let x = 9 - o. Calculate the highest common factor of x and g.
4
Let u = -3 - -13. Suppose 0 = -3*f - 0*f. Suppose -2*k + 24 - 4 = f. Calculate the highest common divisor of k and u.
10
Let o be (-1)/(-1 + (4/3)/2). Suppose -131*m + o = -130*m. Calculate the greatest common factor of m and 12.
3
Let v = -456 - -588. What is the greatest common factor of v and 165?
33
Let d(s) = -62*s - 20. Let h be d(-10). What is the highest common divisor of 24 and h?
24
Suppose -9*x - 56 = -7*x. Let a be (1/2)/((-7)/x). Suppose 0 = -o - a*o + 30. What is the greatest common divisor of o and 50?
10
Suppose 579 + 93 = 84*c. What is the greatest common divisor of 1008 and c?
8
Let z = 105 - -142. Calculate the greatest common divisor of z and 39.
13
Let u be -20 + 3 + -3 + 2. Let r = u - -21. Suppose -4*q = r*f - 116, -65 - 11 = -3*q - 5*f. Calculate the greatest common factor of 8 and q.
8
Suppose -114 = 3*b - 7*b - 2*a, -27 = -b - a. What is the highest common factor of b and 110?
10
Suppose 16*r - 3*r = 598. What is the greatest common divisor of r and 138?
46
Let w be 15/6*(80/(-50))/(-4). Calculate the highest common divisor of w and 47.
1
Let t = -2 + 30. Suppose -4*i + 8*i - t = 0. Let k = 8 - 7. What is the greatest common divisor of k and i?
1
Let i be -7 + (-2 - -8)/1 - -199. Let z be ((-1)/2)/((-2)/72). Calculate the highest common divisor of i and z.
18
Let q be 209/(-1045) - (-16)/10*2. Suppose -4*n = -r + 74 - 286, -2*n - 4*r = -124. What is the highest common factor of q and n?
3
Let w be (-321)/214 - (-1882)/4. Calculate the greatest common divisor of w and 35.
7
Let p be 33/(-22)*56/(-6). Let x be 4/p + 3514/49. What is the greatest common factor of x and 36?
36
Let m be 1 + 2259/12 - (-26)/(-104). What is the highest common factor of m and 81?
27
Let k be (-12)/(-24) - -1*(-10)/4. Let g be 0 + k + (-2 + -1 - -16). Calculate the greatest common factor of g and 11.
11
Suppose 28*l + 64 = 32*l. Suppose -3*z + 28 = 4. Calculate the highest common divisor of l and z.
8
Let k = -22 - -11. Let b(p) = p**2 + 12*p + 17. Let w be b(k). What is the greatest common factor of w and 2?
2
Suppose 7*a - 103 = -61. Suppose 20 - 86 = -q. Let z = q - 12. What is the greatest common factor of a and z?
6
Suppose -12 - 3 = 5*n, -851 = 4*y + 5*n. Let x = 353 + y. Let h be (4/(-5))/((-357)/(-60) - 6). What is the greatest common factor of h and x?
16
Let m be (78/18 + (-2 - 2))*9. Suppose 0 = 5*s + 2*t - 28, -5*s + 4*t + 34 = -0*t. What is the highest common divisor of s and m?
3
Let l = 1190 - 1019. What is the highest common factor of l and 114?
57
Let g = 94 - 42. Suppose -19*h - 492 + 739 = 0. Calculate the highest common factor of g and h.
13
Suppose 0 = 9*f - 6*f - 63. Let y be 141/21 + 6/f. Let v = y - 2. What is the greatest common divisor of 5 and v?
5
Suppose -5*i + 3*u = 81, 5*i + 58 = i - u. Let w be 2/6 + (-188)/(-12). Let y = i + w. What is the greatest common divisor of y and 9?
1
Let i be ((-28)/(-12) - 3)*-21. Let v(o) = o - 4. Let y be v(i). Let p = -167 - -247. Calculate the highest common divisor of p and y.
10
Let d be (-10)/3 - 4*2/(-24). Let c(g) = 2*g**2 + g + 1. Let f be c(d). What is the highest common divisor of f and 16?
16
Let u be (-9)/(-6)*2 + -4. Let y be (3 + u)*(-117)/(-6). Suppose 37*o - y*o + 26 = 0. Calculate the greatest common factor of o and 26.
13
Let j = -1399 - -1536. What is the highest common divisor of 548 and j?
137
Let n be (146 + -4)/(3/(-3) - -3). What is the highest common factor of n and 142?
71
Suppose 0 = 2*y, 2*y = s + y - 144. What is the greatest common factor of s and 120?
24
Let d be 89/4 + (-2)/8. Suppose 2*a + 219 - 23 = 0. Let t = 100 + a. What is the greatest common divisor of d and t?
2
Let k(y) = 2*y**2 - 5*y + 14. Let d be k(6). Let r = d + 119. What is the highest common factor of r and 25?
25
Let n = 36 + -30. Let q be n*(0 - (-2)/4). Suppose -l = -q*v + 2*l + 255, -2*l - 8 = 0. What is the greatest common factor of v and 9?
9
Suppose 0 = -4*q + n + 1885, 1629 = 3*q - 5*n + 228. What is the highest common factor of q and 24?
8
Let v = 88 - -45. What is the highest common divisor of 14 and v?
7
Suppose -2*w - 6 = -4*w. Suppose -s - 24 = -2*s - 3*q, -w*s - 4*q = -72. Suppose 0 = 3*g + g - s. Calculate the highest common divisor of g and 3.
3
Suppose -4*l + 64 = 4*k - 20, 4*k - 2*l - 102 = 0. Suppose -23*x + 4 = -27*x. Let w be 33 - x/(-1)*-3. What is the greatest common factor of k and w?
12
Suppose -1346 = -5*w + 374. What is the highest common factor of 43 and w?
43
Let q = -145 + 406. Let t(r) = r**2 - 14*r + 29. Let k be t(14). What is the highest common divisor of q and k?
29
Let d be (-2)/7 + ((-6642)/21)/6. Let s = d + 56. Calcula